{"id":24,"date":"2022-08-07T20:46:29","date_gmt":"2022-08-07T18:46:29","guid":{"rendered":"https:\/\/yalaz.com.tr\/index.php\/teluro\/"},"modified":"2022-08-07T21:10:19","modified_gmt":"2022-08-07T19:10:19","slug":"teluro","status":"publish","type":"page","link":"https:\/\/yalaz.com.tr\/","title":{"rendered":"ANA SAYFA"},"content":{"rendered":"<div data-colibri-id=\"24-c1\" class=\"style-195 style-local-24-c1 position-relative\">\n  <!---->\n  <div data-colibri-component=\"section\" data-colibri-id=\"24-c2\" id=\"custom\" class=\"h-section h-section-global-spacing d-flex align-items-lg-center align-items-md-center align-items-center style-196 style-local-24-c2 position-relative\">\n    <!---->\n    <!---->\n    <div class=\"h-section-grid-container h-section-boxed-container\">\n      <!---->\n      <div data-colibri-id=\"24-c3\" class=\"h-row-container gutters-row-lg-2 gutters-row-md-2 gutters-row-0 gutters-row-v-lg-2 gutters-row-v-md-2 gutters-row-v-2 style-197 style-local-24-c3 position-relative\">\n        <!---->\n        <div class=\"h-row justify-content-lg-center justify-content-md-center justify-content-center align-items-lg-stretch align-items-md-stretch align-items-stretch gutters-col-lg-2 gutters-col-md-2 gutters-col-0 gutters-col-v-lg-2 gutters-col-v-md-2 gutters-col-v-2\">\n          <!---->\n          <div class=\"h-column h-column-container d-flex h-col-lg-auto h-col-md-auto h-col-auto style-198-outer style-local-24-c4-outer\">\n            <div data-colibri-id=\"24-c4\" class=\"d-flex h-flex-basis h-column__inner h-px-lg-2 h-px-md-2 h-px-2 v-inner-lg-2 v-inner-md-2 v-inner-2 style-198 style-local-24-c4 position-relative\">\n              <!---->\n              <!---->\n              <div class=\"w-100 h-y-container h-column__content h-column__v-align flex-basis-100 align-self-lg-start align-self-md-start align-self-start\">\n                <!---->\n                <div data-colibri-id=\"24-c5\" class=\"h-text h-text-component style-199 style-local-24-c5 position-relative h-element\">\n                  <!---->\n                  <!---->\n                  <div class=\"\">\n                    <p><span style=\"font-weight: 400; font-size: 14px; font-family: arial, sans-serif; color: rgb(34, 34, 34);\">Yalaz Tekstil, 1990 y\u0131l\u0131nda haz\u0131r giyim sekt\u00f6r\u00fcne girmi\u015ftir. \u015eirketimiz d\u00fcnyan\u0131n \u00f6nde gelen markalar\u0131na \u00fcretim, tasar\u0131m ve uzun senelerin verdi\u011fi deneyimle hizmet vermektedir. Modan\u0131n h\u0131zl\u0131 de\u011fi\u015fti\u011fi haz\u0131r giyim sekt\u00f6r\u00fcnde her birimde deneyimli ekip arkada\u015flar\u0131m\u0131z sayesinde, m\u00fc\u015fterilerimize talepleri do\u011frultusunda h\u0131zl\u0131 ve kaliteli servis vermeyi bir hedef belirleyerek, de\u011fi\u015fen \u015fartlar\u0131 avantaja \u00e7eviriyoruz.<\/span><\/p>\n                  <\/div>\n                <\/div>\n              <\/div>\n            <\/div>\n          <\/div>\n        <\/div>\n      <\/div>\n    <\/div>\n  <\/div>\n  <div data-colibri-component=\"section\" data-colibri-id=\"24-c6\" id=\"custom-2\" class=\"h-section h-section-global-spacing d-flex align-items-lg-center align-items-md-center align-items-center style-200 style-local-24-c6 position-relative\">\n    <!---->\n    <!---->\n    <div class=\"h-section-grid-container h-section-boxed-container\">\n      <!---->\n      <div data-colibri-id=\"24-c7\" class=\"h-row-container gutters-row-lg-2 gutters-row-md-2 gutters-row-0 gutters-row-v-lg-2 gutters-row-v-md-2 gutters-row-v-2 style-201 style-local-24-c7 position-relative\">\n        <!---->\n        <div class=\"h-row justify-content-lg-center justify-content-md-center justify-content-center align-items-lg-stretch align-items-md-stretch align-items-stretch gutters-col-lg-2 gutters-col-md-2 gutters-col-0 gutters-col-v-lg-2 gutters-col-v-md-2 gutters-col-v-2\">\n          <!---->\n          <div class=\"h-column h-column-container d-flex h-col-lg-auto h-col-md-auto h-col-auto style-202-outer style-local-24-c8-outer\">\n            <div data-colibri-id=\"24-c8\" class=\"d-flex h-flex-basis h-column__inner h-px-lg-2 h-px-md-2 h-px-2 v-inner-lg-2 v-inner-md-2 v-inner-2 style-202 style-local-24-c8 position-relative\">\n              <!---->\n              <!---->\n              <div class=\"w-100 h-y-container h-column__content h-column__v-align flex-basis-100 align-self-lg-start align-self-md-start align-self-start\">\n                <!---->\n                <div data-colibri-id=\"24-c9\" class=\"h-text h-text-component style-203 style-local-24-c9 position-relative h-element\">\n                  <!---->\n                  <!---->\n                  <div class=\"\">\n                    <script type=\"text\/javascript\">\r\ndocument.addEventListener(\"DOMContentLoaded\", function(event) { \r\n\tjQuery( '#slider-pro-3-121' ).sliderPro({\r\n\t\t\/\/width\r\n\t\t\t\twidth: 1000,\r\n\t\t\t\t\r\n\t\t\/\/height\r\n\t\t\t\theight: 500,\r\n\t\t\t\t\r\n\t\t\/\/auto play\r\n\t\t\t\tautoplay:  true,\r\n\t\tautoplayOnHover: 'none',\r\n\t\t\t\t\t\t\t\tautoplayDelay: 5000,\r\n\t\t\r\n\t\t\r\n\t\tarrows: true,\r\n\t\tbuttons: true,\r\n\t\tsmallSize: 500,\r\n\t\tmediumSize: 1000,\r\n\t\tlargeSize: 3000,\r\n\t\tfade: true,\r\n\t\t\r\n\t\t\/\/thumbnail\r\n\t\tthumbnailArrows: true,\r\n\t\tthumbnailWidth: 120,\r\n\t\tthumbnailHeight: 120,\r\n\t\t\t\t\t\tthumbnailsPosition: 'bottom',\r\n\t\t\t\t\t\tcenterImage: true,\r\n\t\timageScaleMode: 'cover',\r\n\t\tallowScaleUp: true,\r\n\t\t\t\tstartSlide: 0,\r\n\t\tloop: true,\r\n\t\tslideDistance: 5,\r\n\t\tautoplayDirection: 'normal',\r\n\t\ttouchSwipe: true,\r\n\t\tfullScreen: true,\r\n\t});\r\n});\r\n<\/script>\r\n<style>\r\n\/* Layout 3 *\/\r\n\/* border *\/\r\n#slider-pro-3-121 .sp-selected-thumbnail {\r\n\tborder: 4px solid #000000;\r\n}\r\n\r\n\/* font + color *\/\r\n.title-in  {\r\n\tfont-family: Arial !important;\r\n\tcolor: #FFFFFF !important;\r\n\tbackground-color: #000000 !important;\r\n\topacity: 0.7 !important;\r\n}\r\n.desc-in  {\r\n\tfont-family: Arial !important;\r\n\tcolor: #FFFFFF !important;\r\n\tbackground-color: #00000 !important;\r\n\topacity: 0.7 !important;\r\n}\r\n\r\n\/* bullets color *\/\r\n.sp-button  {\r\n\tborder: 2px solid #000000 !important;\r\n}\r\n.sp-selected-button  {\r\n\tbackground-color: #000000 !important;\r\n}\r\n\r\n\/* pointer color - bottom *\/\r\n.sp-selected-thumbnail::before {\r\n\tborder-bottom: 5px solid #000000 !important;\r\n}\r\n.sp-selected-thumbnail::after {\r\n\tborder-bottom: 13px solid #000000 !important;\r\n}\r\n\r\n\/* pointer color - top *\/\r\n\r\n\/* full screen icon *\/\r\n.sp-full-screen-button::before {\r\n    color: #FFFFFF !important;\r\n}\r\n\r\n\/* hover navigation icon color *\/\r\n.sp-next-arrow::after, .sp-next-arrow::before {\r\n\tbackground-color: #FFFFFF !important;\r\n}\r\n.sp-previous-arrow::after, .sp-previous-arrow::before {\r\n\tbackground-color: #FFFFFF !important;\r\n}\r\n\r\n#slider-pro-3-121 .title-in {\r\n\tcolor: #FFFFFF !important;\r\n\tfont-weight: bolder;\r\n\ttext-align: center;\r\n}\r\n\r\n#slider-pro-3-121 .title-in-bg {\r\n\tbackground: rgba(255, 255, 255, 0.7); !important;\r\n\twhite-space: unset !important;\r\n\tmax-width: 90%;\r\n\tmin-width: 40%;\r\n\ttransform: initial !important;\r\n\t-webkit-transform: initial !important;\r\n\tfont-size: 14px !important;\r\n}\r\n\r\n#slider-pro-3-121 .desc-in {\r\n\tcolor: #FFFFFF !important;\r\n\ttext-align: center;\r\n}\r\n#slider-pro-3-121 .desc-in-bg {\r\n\tbackground: rgba(#00000, 0.7) !important;\r\n\twhite-space: unset !important;\r\n\twidth: 80% !important;\r\n\tmin-width: 30%;\r\n\ttransform: initial !important;\r\n\t-webkit-transform: initial !important;\r\n\tfont-size: 13px !important;\r\n}\r\n\r\n@media (max-width: 640px) {\r\n\t#slider-pro-3-121 .hide-small-screen {\r\n\t\tdisplay: none;\r\n\t}\r\n}\r\n\r\n@media (max-width: 860px) {\r\n\t#slider-pro-3-121 .sp-layer {\r\n\t\tfont-size: 18px;\r\n\t}\r\n\t\r\n\t#slider-pro-3-121 .hide-medium-screen {\r\n\t\tdisplay: none;\r\n\t}\r\n}\r\n.slides-not-found {\r\n\tbackground-color: #a92929;\r\n\tborder-radius: 5px;\r\n\tcolor: #fff;\r\n\tfont-family: initial;\r\n\ttext-align: center;\r\n\tpadding:12px;\r\n}\r\n\/* Custom CSS *\/\r\n<\/style>\r\n<h3 class=\"uris-slider-post-title\"><\/h3>\r\n\t\t<div id=\"slider-pro-3-121\" class=\"slider-pro\">\r\n\t\t\t<!---- slides div start ---->\r\n\t\t\t<div class=\"sp-slides\">\r\n\t\t\t\t\t\t\t\t\t\t<div class=\"sp-slide\">\r\n\t\t\t\t\t\t\t<img decoding=\"async\" class=\"sp-image\" alt=\"admin-ajax2\" src=\"https:\/\/yalaz.com.tr\/wp-content\/plugins\/ultimate-responsive-image-slider\/assets\/css\/images\/blank.gif\" data-src=\"https:\/\/yalaz.com.tr\/wp-content\/uploads\/2022\/08\/admin-ajax2.png\" \/>\r\n\r\n\t\t\t\t\t\t\t\r\n\t\t\t\t\t\t\t\t\t\t\t\t\t<\/div>\r\n\t\t\t\t\t\t\t\t\t\t\t\t<div class=\"sp-slide\">\r\n\t\t\t\t\t\t\t<img decoding=\"async\" class=\"sp-image\" alt=\"admin-ajax\" src=\"https:\/\/yalaz.com.tr\/wp-content\/plugins\/ultimate-responsive-image-slider\/assets\/css\/images\/blank.gif\" data-src=\"https:\/\/yalaz.com.tr\/wp-content\/uploads\/2022\/08\/admin-ajax.png\" \/>\r\n\r\n\t\t\t\t\t\t\t\r\n\t\t\t\t\t\t\t\t\t\t\t\t\t<\/div>\r\n\t\t\t\t\t\t\t\t\t<\/div>\r\n\t\t\t\r\n\t\t\t<!---- slides div end ---->\r\n\t\t\t\t\t\t<!-- slides thumbnails div start -->\r\n\t\t\t<div class=\"sp-thumbnails\">\r\n\t\t\t\t\t\t\t\t\t\t<img decoding=\"async\" class=\"sp-thumbnail\" src=\"https:\/\/yalaz.com.tr\/wp-content\/plugins\/ultimate-responsive-image-slider\/assets\/img\/loading.gif\" data-src=\"https:\/\/yalaz.com.tr\/wp-content\/uploads\/2022\/08\/admin-ajax2-300x128.png\" alt=\"admin-ajax2\"\/>\r\n\t\t\t\t\t\t\t\t\t\t\t<img decoding=\"async\" class=\"sp-thumbnail\" src=\"https:\/\/yalaz.com.tr\/wp-content\/plugins\/ultimate-responsive-image-slider\/assets\/img\/loading.gif\" data-src=\"https:\/\/yalaz.com.tr\/wp-content\/uploads\/2022\/08\/admin-ajax-300x128.png\" alt=\"admin-ajax\"\/>\r\n\t\t\t\t\t\t\t\t<\/div>\r\n\t\t\t\t\t\t<!-- slides thumbnails div end -->\r\n\t\t<\/div>\r\n\n                  <\/div>\n                <\/div>\n              <\/div>\n            <\/div>\n          <\/div>\n        <\/div>\n      <\/div>\n    <\/div>\n  <\/div>\n<\/div>","protected":false},"excerpt":{"rendered":"<p>Yalaz Tekstil, 1990 y\u0131l\u0131nda haz\u0131r giyim sekt\u00f6r\u00fcne girmi\u015ftir. \u015eirketimiz d\u00fcnyan\u0131n \u00f6nde gelen markalar\u0131na \u00fcretim, tasar\u0131m ve uzun senelerin verdi\u011fi deneyimle hizmet vermektedir. Modan\u0131n h\u0131zl\u0131 de\u011fi\u015fti\u011fi haz\u0131r giyim sekt\u00f6r\u00fcnde her birimde deneyimli ekip arkada\u015flar\u0131m\u0131z sayesinde, m\u00fc\u015fterilerimize talepleri do\u011frultusunda h\u0131zl\u0131 ve kaliteli servis vermeyi bir hedef belirleyerek, de\u011fi\u015fen \u015fartlar\u0131 avantaja \u00e7eviriyoruz.<\/p>\n","protected":false},"author":1,"featured_media":0,"parent":0,"menu_order":0,"comment_status":"closed","ping_status":"closed","template":"page-templates\/homepage.php","meta":{"footnotes":""},"class_list":["post-24","page","type-page","status-publish","hentry"],"yoast_head":"<!-- This site is optimized with the Yoast SEO plugin v19.4 - https:\/\/yoast.com\/wordpress\/plugins\/seo\/ -->\n<title>ANA SAYFA - YALAZ TEKST\u0130L SAN. T\u0130C A.\u015e.<\/title>\n<meta name=\"robots\" content=\"index, follow, max-snippet:-1, max-image-preview:large, max-video-preview:-1\" \/>\n<link rel=\"canonical\" href=\"https:\/\/yalaz.com.tr\/\" \/>\n<meta property=\"og:locale\" content=\"tr_TR\" \/>\n<meta property=\"og:type\" content=\"article\" \/>\n<meta property=\"og:title\" content=\"ANA SAYFA - YALAZ TEKST\u0130L SAN. T\u0130C A.\u015e.\" \/>\n<meta property=\"og:description\" content=\"Yalaz Tekstil, 1990 y\u0131l\u0131nda haz\u0131r giyim sekt\u00f6r\u00fcne girmi\u015ftir. \u015eirketimiz d\u00fcnyan\u0131n \u00f6nde gelen markalar\u0131na \u00fcretim, tasar\u0131m ve uzun senelerin verdi\u011fi deneyimle hizmet vermektedir. Modan\u0131n h\u0131zl\u0131 de\u011fi\u015fti\u011fi haz\u0131r giyim sekt\u00f6r\u00fcnde her birimde deneyimli ekip arkada\u015flar\u0131m\u0131z sayesinde, m\u00fc\u015fterilerimize talepleri do\u011frultusunda h\u0131zl\u0131 ve kaliteli servis vermeyi bir hedef belirleyerek, de\u011fi\u015fen \u015fartlar\u0131 avantaja \u00e7eviriyoruz.\" \/>\n<meta property=\"og:url\" content=\"https:\/\/yalaz.com.tr\/\" \/>\n<meta property=\"og:site_name\" content=\"YALAZ TEKST\u0130L SAN. T\u0130C A.\u015e.\" \/>\n<meta property=\"article:modified_time\" content=\"2022-08-07T19:10:19+00:00\" \/>\n<meta name=\"twitter:card\" content=\"summary_large_image\" \/>\n<script type=\"application\/ld+json\" class=\"yoast-schema-graph\">{\"@context\":\"https:\/\/schema.org\",\"@graph\":[{\"@type\":\"Organization\",\"@id\":\"https:\/\/yalaz.com.tr\/#organization\",\"name\":\"YALAZ TEKST\u0130L SAN. T\u0130C A.\u015e.\",\"url\":\"https:\/\/yalaz.com.tr\/\",\"sameAs\":[],\"logo\":{\"@type\":\"ImageObject\",\"inLanguage\":\"tr\",\"@id\":\"https:\/\/yalaz.com.tr\/#\/schema\/logo\/image\/\",\"url\":\"https:\/\/yalaz.com.tr\/wp-content\/uploads\/2022\/08\/cropped-cropped-InstaSize_1202170659-150x150-1.jpg\",\"contentUrl\":\"https:\/\/yalaz.com.tr\/wp-content\/uploads\/2022\/08\/cropped-cropped-InstaSize_1202170659-150x150-1.jpg\",\"width\":150,\"height\":70,\"caption\":\"YALAZ TEKST\u0130L SAN. T\u0130C A.\u015e.\"},\"image\":{\"@id\":\"https:\/\/yalaz.com.tr\/#\/schema\/logo\/image\/\"}},{\"@type\":\"WebSite\",\"@id\":\"https:\/\/yalaz.com.tr\/#website\",\"url\":\"https:\/\/yalaz.com.tr\/\",\"name\":\"YALAZ TEKST\u0130L SAN. T\u0130C A.\u015e.\",\"description\":\"\",\"publisher\":{\"@id\":\"https:\/\/yalaz.com.tr\/#organization\"},\"potentialAction\":[{\"@type\":\"SearchAction\",\"target\":{\"@type\":\"EntryPoint\",\"urlTemplate\":\"https:\/\/yalaz.com.tr\/?s={search_term_string}\"},\"query-input\":\"required name=search_term_string\"}],\"inLanguage\":\"tr\"},{\"@type\":\"WebPage\",\"@id\":\"https:\/\/yalaz.com.tr\/\",\"url\":\"https:\/\/yalaz.com.tr\/\",\"name\":\"ANA SAYFA - YALAZ TEKST\u0130L SAN. T\u0130C A.\u015e.\",\"isPartOf\":{\"@id\":\"https:\/\/yalaz.com.tr\/#website\"},\"datePublished\":\"2022-08-07T18:46:29+00:00\",\"dateModified\":\"2022-08-07T19:10:19+00:00\",\"breadcrumb\":{\"@id\":\"https:\/\/yalaz.com.tr\/#breadcrumb\"},\"inLanguage\":\"tr\",\"potentialAction\":[{\"@type\":\"ReadAction\",\"target\":[\"https:\/\/yalaz.com.tr\/\"]}]},{\"@type\":\"BreadcrumbList\",\"@id\":\"https:\/\/yalaz.com.tr\/#breadcrumb\",\"itemListElement\":[{\"@type\":\"ListItem\",\"position\":1,\"name\":\"Home\",\"item\":\"https:\/\/yalaz.com.tr\/\"},{\"@type\":\"ListItem\",\"position\":2,\"name\":\"ANA SAYFA\"}]}]}<\/script>\n<!-- \/ Yoast SEO plugin. -->","yoast_head_json":{"title":"ANA SAYFA - YALAZ TEKST\u0130L SAN. T\u0130C A.\u015e.","robots":{"index":"index","follow":"follow","max-snippet":"max-snippet:-1","max-image-preview":"max-image-preview:large","max-video-preview":"max-video-preview:-1"},"canonical":"https:\/\/yalaz.com.tr\/","og_locale":"tr_TR","og_type":"article","og_title":"ANA SAYFA - YALAZ TEKST\u0130L SAN. T\u0130C A.\u015e.","og_description":"Yalaz Tekstil, 1990 y\u0131l\u0131nda haz\u0131r giyim sekt\u00f6r\u00fcne girmi\u015ftir. \u015eirketimiz d\u00fcnyan\u0131n \u00f6nde gelen markalar\u0131na \u00fcretim, tasar\u0131m ve uzun senelerin verdi\u011fi deneyimle hizmet vermektedir. Modan\u0131n h\u0131zl\u0131 de\u011fi\u015fti\u011fi haz\u0131r giyim sekt\u00f6r\u00fcnde her birimde deneyimli ekip arkada\u015flar\u0131m\u0131z sayesinde, m\u00fc\u015fterilerimize talepleri do\u011frultusunda h\u0131zl\u0131 ve kaliteli servis vermeyi bir hedef belirleyerek, de\u011fi\u015fen \u015fartlar\u0131 avantaja \u00e7eviriyoruz.","og_url":"https:\/\/yalaz.com.tr\/","og_site_name":"YALAZ TEKST\u0130L SAN. T\u0130C A.\u015e.","article_modified_time":"2022-08-07T19:10:19+00:00","twitter_card":"summary_large_image","schema":{"@context":"https:\/\/schema.org","@graph":[{"@type":"Organization","@id":"https:\/\/yalaz.com.tr\/#organization","name":"YALAZ TEKST\u0130L SAN. T\u0130C A.\u015e.","url":"https:\/\/yalaz.com.tr\/","sameAs":[],"logo":{"@type":"ImageObject","inLanguage":"tr","@id":"https:\/\/yalaz.com.tr\/#\/schema\/logo\/image\/","url":"https:\/\/yalaz.com.tr\/wp-content\/uploads\/2022\/08\/cropped-cropped-InstaSize_1202170659-150x150-1.jpg","contentUrl":"https:\/\/yalaz.com.tr\/wp-content\/uploads\/2022\/08\/cropped-cropped-InstaSize_1202170659-150x150-1.jpg","width":150,"height":70,"caption":"YALAZ TEKST\u0130L SAN. T\u0130C A.\u015e."},"image":{"@id":"https:\/\/yalaz.com.tr\/#\/schema\/logo\/image\/"}},{"@type":"WebSite","@id":"https:\/\/yalaz.com.tr\/#website","url":"https:\/\/yalaz.com.tr\/","name":"YALAZ TEKST\u0130L SAN. T\u0130C A.\u015e.","description":"","publisher":{"@id":"https:\/\/yalaz.com.tr\/#organization"},"potentialAction":[{"@type":"SearchAction","target":{"@type":"EntryPoint","urlTemplate":"https:\/\/yalaz.com.tr\/?s={search_term_string}"},"query-input":"required name=search_term_string"}],"inLanguage":"tr"},{"@type":"WebPage","@id":"https:\/\/yalaz.com.tr\/","url":"https:\/\/yalaz.com.tr\/","name":"ANA SAYFA - YALAZ TEKST\u0130L SAN. T\u0130C A.\u015e.","isPartOf":{"@id":"https:\/\/yalaz.com.tr\/#website"},"datePublished":"2022-08-07T18:46:29+00:00","dateModified":"2022-08-07T19:10:19+00:00","breadcrumb":{"@id":"https:\/\/yalaz.com.tr\/#breadcrumb"},"inLanguage":"tr","potentialAction":[{"@type":"ReadAction","target":["https:\/\/yalaz.com.tr\/"]}]},{"@type":"BreadcrumbList","@id":"https:\/\/yalaz.com.tr\/#breadcrumb","itemListElement":[{"@type":"ListItem","position":1,"name":"Home","item":"https:\/\/yalaz.com.tr\/"},{"@type":"ListItem","position":2,"name":"ANA SAYFA"}]}]}},"_links":{"self":[{"href":"https:\/\/yalaz.com.tr\/index.php\/wp-json\/wp\/v2\/pages\/24","targetHints":{"allow":["GET"]}}],"collection":[{"href":"https:\/\/yalaz.com.tr\/index.php\/wp-json\/wp\/v2\/pages"}],"about":[{"href":"https:\/\/yalaz.com.tr\/index.php\/wp-json\/wp\/v2\/types\/page"}],"author":[{"embeddable":true,"href":"https:\/\/yalaz.com.tr\/index.php\/wp-json\/wp\/v2\/users\/1"}],"replies":[{"embeddable":true,"href":"https:\/\/yalaz.com.tr\/index.php\/wp-json\/wp\/v2\/comments?post=24"}],"version-history":[{"count":4,"href":"https:\/\/yalaz.com.tr\/index.php\/wp-json\/wp\/v2\/pages\/24\/revisions"}],"predecessor-version":[{"id":152,"href":"https:\/\/yalaz.com.tr\/index.php\/wp-json\/wp\/v2\/pages\/24\/revisions\/152"}],"wp:attachment":[{"href":"https:\/\/yalaz.com.tr\/index.php\/wp-json\/wp\/v2\/media?parent=24"}],"curies":[{"name":"wp","href":"https:\/\/api.w.org\/{rel}","templated":true}]}}